of v(n)?
True
Let d = 16 - 14. Is 5 a factor of (10464/545)/(-2*d/(-20))?
False
Is -3 + 7968 + 3 - (-6 - -3) a multiple of 23?
False
Let x = 7859 - 4587. Is (2*x/(-64))/(1/(-4)) a multiple of 20?
False
Let u be 202 - (6/(-8) - 4/16). Suppose -u = -j + 285. Is j a multiple of 24?
False
Let k be 17*-3 + (-186)/31. Let t = 81 + k. Does 24 divide t?
True
Let p be 3/(-1)*(-10)/(-3). Let d = 3367 + -3372. Is p/d*(-122)/(-4)*1 a multiple of 10?
False
Suppose -5*r + 105474 = 4*f, -2*r = -5*f + 21792 + 110001. Is f a multiple of 29?
True
Suppose -15*c + 18078 - 2328 = 0. Does 10 divide c?
True
Suppose -21*x - 23*x + 343238 + 246890 = 0. Is 23 a factor of x?
False
Suppose 8*d + 66 - 18 = 0. Let v(g) = -g**2 - 6*g + 1. Let b be v(d). Does 21 divide b/(4/3)*(216 - -8)?
True
Suppose -5*s = -591 - 1459. Let d = 71 + s. Is d a multiple of 37?
True
Let a(g) = 10*g**2 + 95*g + 10. Let w(h) = -45*h + 348. Let o be w(8). Is a(o) a multiple of 10?
True
Suppose -3*j = -5*n - 6*j - 3, 0 = -n + 4*j + 4. Suppose 0 = -c - n*c + 126. Does 14 divide c?
True
Let w = 24089 + -14258. Does 29 divide w?
True
Let a(o) = 6*o + 54. Let f be a(-7). Suppose -3*q = -f, 3*d = 5*q - 2*q + 312. Does 4 divide d?
True
Let n = 533 - -1763. Is n a multiple of 8?
True
Let p be 4*((-3 - 1) + 63 + -60). Suppose 61 - 801 = -d. Is p/(-6) - d/(-15) a multiple of 25?
True
Suppose 2*o - 605 = s + 82, 5*o + 5*s - 1695 = 0. Let h = -264 + o. Is h a multiple of 13?
True
Let d = -12169 + 13244. Is d even?
False
Let n(a) = 40*a**2 - 50*a - 383. Does 11 divide n(-7)?
False
Suppose 3*c + 221 = -148. Let f = -102 - c. Is 3 a factor of f?
True
Let z(q) = 131*q - 1287. Is z(13) a multiple of 25?
False
Let q(b) be the first derivative of -2*b**2 + 38*b - 18. Is 10 a factor of q(-3)?
True
Does 8 divide (-221648)/(-51) + 1104/(-28152)?
False
Let z = 8 + -4. Let h(m) = -m**2 - 36*m - 100. Let b be h(-26). Suppose 3*r - 3*v = 93, -r = 4*r - z*v - b. Is 10 a factor of r?
False
Let z = 30 + -29. Let q(d) = 3*d - 1. Let h be q(z). Suppose -8*s + h*t + 300 = -4*s, t = -5*s + 375. Does 22 divide s?
False
Let w(i) = i**2 - 6*i + 3. Let c be w(5). Let q(x) = 2*x**2 - 7*x - 5. Let s be q(c). Let f = s - -9. Does 6 divide f?
False
Let v(u) = u**3 + 20*u**2 - 15*u - 9. Let m = -197 + 177. Is 13 a factor of v(m)?
False
Let k(l) = l**3 + 20*l**2 - 22*l - 200. Let p be (8 - -1)/((-7)/14). Is k(p) a multiple of 125?
False
Let s = -351 - -354. Suppose -s*n + 1040 = 4*q, 3*n - 343 = 2*n - 5*q. Is n a multiple of 51?
False
Suppose 0 = -0*w - 5*w - 5*s + 1255, 497 = 2*w + s. Is w a multiple of 4?
False
Does 4 divide (-16012)/(-3) - (-2970)/1782?
False
Suppose 64*y + 4*l + 27912 = 67*y, 5*y = -3*l + 46549. Does 26 divide y?
True
Suppose 126464 = -40*d + 30*d + 36*d. Does 21 divide d?
False
Let l(w) = 2*w**2 + 4*w - 14. Let r be l(-5). Let c(z) = z**2 - 17*z + 19. Let f be c(r). Suppose 5*g + h = 1074, 2*g = -g - f*h + 642. Does 9 divide g?
False
Let l(q) = -q**2 + 4*q. Let a be l(3). Suppose -31*s = -a*s - 4144. Is s even?
True
Let q be 285 - -2*(-6)/(-3). Let f = q + -203. Suppose 9*o = 7*o + f. Does 14 divide o?
False
Let i(x) be the third derivative of 29*x**4/8 - x**3/6 + 7*x**2. Let b = 241 - 240. Is 26 a factor of i(b)?
False
Let f(j) be the first derivative of -j**2 + 10*j + 8. Let l be f(10). Does 4 divide 0/(-2) + 2 - l*3?
True
Suppose -315*t = -314*t + 5, -5*h = 5*t - 48775. Does 203 divide h?
False
Is 62732894/6391 + (-6)/(-15) + (-24)/110 a multiple of 174?
False
Suppose 178*g = -g + 130133. Does 2 divide g?
False
Let g = -172 + 174. Is 3 a factor of (2 + 4)/(g/31)?
True
Suppose -4*f + 41266 = 15185 - 41611. Is 149 a factor of f?
False
Is 71 a factor of 32815 + -21 + -17 + 25?
True
Suppose 10*f - 9 - 1 = 0. Let a(h) be the third derivative of 7*h**4/12 - h**3/6 + h**2. Is 6 a factor of a(f)?
False
Suppose 1482 = -330*c + 336*c. Let i = c - 241. Is 6 a factor of i?
True
Let p = 96 - 74. Let z = -34 - -45. Does 2 divide 18/(z/(p/4))?
False
Let s be 23/((-23)/14) + 13. Let n(v) = v**2 + 7*v - 7. Let y be n(5). Does 15 divide (-5)/(1/y*s)?
False
Suppose -4*w - 5*b = -45719, -2*w - 49*b = -52*b - 22887. Is 12 a factor of w?
True
Suppose 24*b + 2137 - 6745 = 0. Is b a multiple of 12?
True
Is 54 a factor of 45/(((-26)/(-36491))/(12/14))?
False
Let j = 10891 - 7195. Is j a multiple of 42?
True
Does 25 divide 236/826 - 44446/(-14)?
True
Let i(x) = 21*x**3 - x**2 + x - 5. Let o be (4 - (9 + -3))*(-2 - 4). Suppose -10*t = -o*t + 4. Is i(t) a multiple of 12?
False
Let p = -112 + 112. Does 16 divide p + (-4 - (-2 - 115))?
False
Let v = 974 + -2406. Suppose 9 = -2*t - 3. Does 14 divide v/(-12) - ((-2)/t - 0)?
False
Suppose -4*i - 370 + 125 = -5*n, 121 = 2*n + 3*i. Let g = 53 - n. Suppose 5*y + 4*x - 205 = 0, -y + 0*x - x + 40 = g. Does 45 divide y?
True
Let f(b) be the second derivative of -47*b**3/3 + 69*b**2/2 + 18*b. Is 15 a factor of f(-8)?
False
Suppose -1 = 5*c - 3*p, -18*p = 5*c - 14*p + 22. Let z(n) = 0*n - 3 + 0*n + n**2 + 0*n - n**3. Is z(c) even?
False
Let v be (-1)/(1/(-3)) - -794. Suppose -12*m - 367 = v. Let q = -60 - m. Does 12 divide q?
False
Let i be (-22)/(-6) - 48/72. Suppose i*m = f - 3*f + 2348, 0 = -5*m - f + 3918. Is m a multiple of 98?
True
Suppose 2*n + 275 = 25. Suppose -4*w + 169 + 680 = -s, -4*s = -3*w + 640. Let c = w + n. Is c a multiple of 11?
False
Let p = 7590 + -5980. Does 28 divide p?
False
Suppose 0 = l - 3*x - 19899, 34*l - 119294 = 28*l - 2*x. Is l a multiple of 4?
True
Suppose -8*a + 5*x + 146593 = 0, 3*x - 9749 = 4*a - 83044. Does 49 divide a?
True
Suppose 19157 = 72*x - 67*x - 2*n, 3*x - n = 11494. Is 27 a factor of x?
False
Suppose 0*k - 2*k + 7 = 3*v, 0 = k + 1. Suppose -13*t - g - 818 = -16*t, 0 = 3*t - v*g - 822. Is 34 a factor of t?
True
Let c(q) = 1023*q**2 + q - 4. Let o be c(-2). Suppose o = -57*p + 66*p. Is 6 a factor of p?
False
Does 41 divide ((-4)/2)/(-14 + 283020/20216)?
False
Let l(a) be the first derivative of a**3 + 5*a**2 - 45*a + 26. Is l(9) a multiple of 12?
True
Suppose -3*t + 683 = -7*m + 3*m, 2*m = -4*t + 940. Let n = t + 112. Is n a multiple of 23?
True
Let o(n) = 2*n**2 + 106*n + 219. Does 5 divide o(-54)?
False
Let o(q) = -q**3 + 52*q**2 - q - 305. Is 34 a factor of o(50)?
False
Suppose -3*n = 12, -5*o + 23 = 4*n - 11. Is (-1*(-266)/4)/(5/o) even?
False
Suppose -w + 4*s = -2678, 4*s - 697 = -w + 1917. Does 6 divide w?
True
Let i(r) = 705*r - 1161. Is i(19) a multiple of 67?
False
Let f(l) be the third derivative of -l**5/8 + 7*l**4/12 - 5*l**3/2 - 2*l**2 + 9. Let r(w) be the first derivative of f(w). Does 6 divide r(-5)?
False
Let k(z) = 21*z - 11. Let d be k(-1). Is d/(-5 - 18/(-6)) a multiple of 4?
True
Let p be (-1 - 280/(-4)) + -3. Let w = 114 - p. Suppose -3*v + w = 3*l, 3*l = -l - 2*v + 64. Does 8 divide l?
True
Let g(h) = 5*h - 32. Let n(t) = 4*t - 32. Let x(v) = 6*g(v) - 7*n(v). Let f be x(-11). Does 18 divide (6 + (5 - f))/((-1)/(-59))?
False
Let x(m) = 21*m**2 + 156*m + 64. Is 52 a factor of x(-20)?
False
Suppose 8*q - 18781 + 5309 = 0. Suppose 11*n = -i + 16*n + 854, 2*i - q = 4*n. Is i a multiple of 48?
False
Suppose 4737 = 6*x - 915. Suppose 2*j - 3*b = 935, j + x = 3*j + 4*b. Is 7 a factor of j?
True
Suppose 0*p - p - 104 = -2*o, 2*o - 96 = 3*p. Let j = 61 - o. Is 749/j - (5 - 2) a multiple of 54?
False
Let t be 8/10 - (-1794)/(-30). Let y = 100 + t. Let b = -19 + y. Is b a multiple of 19?
False
Let q be (-184)/4*(0 - 1)/(1/5). Let t(z) = -z**2 + 5*z. Let c be t(5). Suppose -5*d + 5*k + q = c, d + 4*k + 0*k - 56 = 0. Does 6 divide d?
True
Let j(n) = -5*n**2 - 2*n**2 + 22*n + 12 + n**3 - 14*n**2. Let s be j(20). Let g = 63 - s. Is g a multiple of 3?
False
Does 22 divide 11/(22/29652) - (-8 + 6)?
True
Suppose 12*n = 15*n + 18. Let h(p) = 15*p**2 - 39*p - 14. Is h(n) a multiple of 38?
True
Does 20 divide -16 + 2029 + 3 + 4?
True
Suppose 2*c - 6 = -o + 8, 8 = 2*c. Is 36 a factor of (1*o)/(5/60)?
True
Is ((-136832)/160)/((-7)/5) + (-6)/7 a multiple of 5?
True
Suppose 0 = -z + 3*a - 207, 633 = -3*z - 5*a + 8*a. Is 71 a factor of ((-123)/9 + 5 + 6)*z?
True
Suppose 0 = -3*z - 10*d + 11*d - 2636, 5*z - 2*d = -4394. Let g = -604 - z. Is g a multiple of 10?
False
Let x be (-12021)/18 - 23/138. Let s = x + 1130. Is 33 a factor of s?
True
Suppose -3*c + 5*c = 